/11 - (-2)/11?
2, 3
Suppose 20 = -4*r, 0*z + 4*r - 271 = -z. Let y = 670 - z. Let f = y - 131. List the prime factors of f.
2, 31
Let x(z) = 3*z**3 - 2*z**2 + 2*z + 152. Let f = 251 + -251. List the prime factors of x(f).
2, 19
Let n be (1650/12)/(-11) + (-1)/(-2). Let s(d) = 13*d**2 + 12*d - 133. What are the prime factors of s(n)?
5, 11, 29
Suppose -16026371 - 39337249 = -877*g - 9793823. List the prime factors of g.
7, 13, 571
Let t(c) = c**3 - 6*c**2 - 9*c - 4. Let s be t(-6). Let i = 616 + s. What are the prime factors of i?
2, 3, 13
Suppose -16 = -4*l + 24. Suppose 2*r = a - 860, l*r - 11*r + 2552 = 3*a. List the prime factors of a.
2, 3, 71
Suppose 93 = -6*g + 37*g. Suppose -9*n + 14*n - 6659 = -2*a, 1324 = n + g*a. What are the prime factors of n?
31, 43
Let h = 231 + 71. Let w = -193 + h. Suppose 0*i = 2*i - 3*u - w, 0 = -i + 4*u + 42. What are the prime factors of i?
2, 31
Let r = -250 + 117. Let k = r - -1547. List the prime factors of k.
2, 7, 101
Let l(c) = -c**3 + c + 209. Let i be l(0). Suppose 5*t - i = 91. Suppose -3*b - t = -6*b. List the prime factors of b.
2, 5
Suppose 50889 + 387451 = 62*b. What are the prime factors of b?
2, 5, 7, 101
Suppose -5*l + 62 = 3*j, -52 = -2*j + l + l. Suppose -d - 3*d - j = 0. What are the prime factors of 4/(-4*d/360)?
2, 3, 5
Suppose -192*d + 22975 = -187*d. List the prime factors of d.
5, 919
Suppose -8 + 20 = 3*o. Let g be (26/(-7) - o)/(3/(-21)). Let j = g + 51. List the prime factors of j.
3, 5, 7
Let b be (-6 - (-280)/50) + (-283)/5. Let m = b - -88. What are the prime factors of m?
31
Let p = -25 - -28. Let t be (-9)/p + (-9)/3. What are the prime factors of ((-4)/t)/((-16)/(-1896))?
79
Let b = -6910 - -32383. List the prime factors of b.
3, 7, 1213
Let o be (2/2)/((-11)/(-33)). Let f = 35 + -35. Suppose 742 = o*g + c - 5*c, f = -4*c - 16. What are the prime factors of g?
2, 11
Let o be 8/(-5) + 2 - (-414276)/60. Suppose 21*z - o - 10273 = 0. List the prime factors of z.
2, 409
Let l(q) = -193 - 11*q + 24*q + 12*q. What are the prime factors of l(37)?
2, 3, 61
Suppose 0 = 4*g + 3*j - 9375, -2*g - j + 4689 = 2*j. Suppose -c = 2*c - g. List the prime factors of c.
11, 71
Let a be 1255 + (-3)/(9/(-6) + 3). Let g = a - 829. Suppose -3*f + 5*n + 127 + 159 = 0, -4*f - 4*n + g = 0. List the prime factors of f.
2, 3, 17
Let x be ((3/(-2))/(16/(-192)))/2. Suppose 2*t = -x*t + 4147. List the prime factors of t.
13, 29
Let o(t) = -2 + 6*t - 38 - 2 + 2*t. Let f be o(-15). What are the prime factors of (-5 - -9)/((-3)/f)?
2, 3
Let o be ((4 + -3)*2)/((-14)/(-609)). Suppose 5*f - 522 - o = -4*r, f + 3*r = 124. List the prime factors of f.
11
Let t(j) = -j**3 + 78*j**2 + 241*j - 700. What are the prime factors of t(71)?
2, 25849
Suppose -7*j + 10*j - 45 = 0. Let l = 19 - j. Suppose l*c - 6*c = r - 147, 0 = -4*r - 3*c + 573. List the prime factors of r.
3, 47
Suppose 4*p = -20, 13 = o - p + 5. Suppose -115 = -o*u + 1094. List the prime factors of u.
13, 31
Let l(f) = f**3 - 5*f**2 + 2*f + 8. Suppose 0 = 5*v + 2*x - 21 - 10, 3*x - 34 = -5*v. Let u be l(v). List the prime factors of u*7 + (2 - (-3)/(-1)).
5
Let j(v) = 154*v**2 - 3*v + 91. What are the prime factors of j(-10)?
11, 17, 83
Suppose -2 - 8 = -5*p. Let s(w) = -6*w + 10*w**p - 12*w**2 + 3*w**2. What are the prime factors of s(9)?
3
Let i(h) = -h**3 - 15*h**2 + 19*h - 100. Let u be i(-21). Suppose 4*j = u - 663. List the prime factors of j.
7, 53
Let m(t) = -t**2 - 33*t - 33. Let s be m(-34). What are the prime factors of (0 - s/2)*2*1?
67
Let j(v) be the first derivative of v**4/4 + 4*v**3 - 7*v**2/2 - 17*v - 5. What are the prime factors of j(-10)?
11, 23
Let u = -1075 - -1399. What are the prime factors of u?
2, 3
Let y(p) be the third derivative of -p**5/60 + 5*p**4/8 + 44*p**3 + 123*p**2. What are the prime factors of y(0)?
2, 3, 11
Let a = 174 - 171. Suppose -28 = -a*u + 272. List the prime factors of u.
2, 5
Let f = 182 - 2. Suppose 9*y - 5*y - f = 0. Let o = 138 - y. List the prime factors of o.
3, 31
Let p = 1311 - 248. Suppose -2*i + 5*g + p = -927, -g = -4. What are the prime factors of i?
3, 5, 67
Suppose -5*z = -15*z + 2500. Suppose 4*g = -5*f + 308, -g - f - z = -4*g. List the prime factors of g.
2, 41
Let u(w) = w - 14. Suppose -2*o + 3*z = -34, 2*o - 4*o = 5*z - 34. Let x be u(o). Suppose 0 = x*m - 7 - 11. List the prime factors of m.
2, 3
Let w(n) = 4*n**2 + 12*n + 9. Let x(i) = -i**3 + 5*i**2 + 13*i - 1. Let g be x(7). What are the prime factors of w(g)?
13
Let r(b) = 4*b**2 + 2*b - 29. Suppose -5 = 5*w - 15, -1 = -v + 3*w. List the prime factors of r(v).
181
Suppose 255*c - 252*c = 41781. What are the prime factors of c?
19, 733
Suppose -6 = -5*v - 4*z - 244, 5*z = -3*v - 135. Let o = v + 38. What are the prime factors of (-18)/o + (-428)/(-8)?
5, 11
Suppose 0 = -0*d + 26*d - 1274. Let h(n) = 10*n - 182. List the prime factors of h(d).
2, 7, 11
Let r(n) = 6*n**3 - 2*n**2 + 43*n - 26. List the prime factors of r(9).
17, 269
Let w(z) be the first derivative of -z**2/2 - 13*z + 15. Let i be w(-21). Suppose 562 = -3*n + i*n - y, 0 = 5*n + y - 558. List the prime factors of n.
2, 7
Let i(r) = 69*r + 10. Let v be i(7). Suppose d = u + 96, 5*d + 5*u - v = 27. What are the prime factors of d?
2, 5
Let y = 584 + -820. Let b = y - -416. Let k = b - 37. List the prime factors of k.
11, 13
Let q(o) be the third derivative of 22*o**5/5 - o**4/24 + o**3/6 - 2*o**2 + 4. What are the prime factors of q(-1)?
2, 7, 19
Suppose 244*r - 268*r = -133344. What are the prime factors of r?
2, 3, 463
Let i = 331 - -230. Let t be (8 + -2)*10/20. Suppose -2*o + 381 = -n, -n = t*o + n - i. What are the prime factors of o?
3, 7
Let v = 51 + -49. Let z(k) = 229*k + 10. Let a(l) = -76*l - 3. Let s(i) = v*z(i) + 7*a(i). List the prime factors of s(-1).
73
List the prime factors of 7 + (-799)/119 + (-48214)/(-7).
2, 3, 7, 41
Let v(y) = -y**2 - 21*y + 41. Let o be v(-18). Let l = 326 + o. What are the prime factors of l?
421
Let r be (-140)/6 - 12/(-9). Suppose 0 = 4*w + 3*v - 253, -3*v + 4*v = -3*w + 196. Let o = w + r. List the prime factors of o.
3, 5
Let d(c) = 24*c**2 + 195*c. List the prime factors of d(-9).
3, 7
Suppose -5*f = 3*c + 7004, -4*c + 2222 + 590 = -2*f. Let b = -156 - f. List the prime factors of b.
2, 7, 89
Let h be 300/9*132/5. Let m be h/(-1 + 5) - 5. Suppose m = -2*o + 3*o. List the prime factors of o.
5, 43
List the prime factors of (-42 - 5)/(19/(-3154)).
2, 47, 83
Let s be (156/18)/(-5*(-2)/15). Suppose 5*a = -s*a + 36. Suppose 3*j - 4*b - 57 - 212 = 0, -j + a*b = -87. List the prime factors of j.
5, 19
Let f = 64915 - 38513. What are the prime factors of f?
2, 43, 307
Let m be 5*((-14)/5)/(-2). Suppose -4907 - 889 = -m*b. List the prime factors of b.
2, 3, 23
Let f(h) = 14*h**2 + 92*h - 27*h + 117 - 45*h. List the prime factors of f(-7).
3, 13, 17
Let o(g) = 81*g + 1369. List the prime factors of o(16).
5, 13, 41
Suppose 11*q - 328 = -97. What are the prime factors of 337 - 5/(35/q)?
2, 167
Let y(d) = 94*d**3 + d**2 - 3*d + 1. Let n be y(1). Let a = n - 166. Let i = a - -156. List the prime factors of i.
83
Suppose -4*u = 2*f - 13422, 16761 = 4*u + u - 3*f. List the prime factors of u.
2, 3, 13, 43
Suppose -538*a = -528*a - 2840. List the prime factors of a.
2, 71
Let t be (488 + 8)*7/2. Suppose -3*g + 4*l + 1045 = 0, -9*g + 4*g + l = -t. List the prime factors of g.
347
Suppose 10*v - 2672 = 1568. What are the prime factors of (v - 0) + (-10)/(8/4)?
419
Let s be 2/10 + 933/(-15). Let o = s - -238. List the prime factors of o.
2, 11
Suppose 28*w - 879807 = 938125 - 404268. What are the prime factors of w?
2, 6311
Let y(u) = 2*u**2 - 6*u + 23. Let m(l) = -2*l**2 + 7*l - 24. Let h(w) = -3*m(w) - 2*y(w). What are the prime factors of h(-11)?
367
Suppose -4*h - 14 = -5*d - 5, 6 = -h + 2*d. Suppose u + h*f = -19 + 85, 0 = 4*f + 8. List the prime factors of u.
2, 37
Suppose -j = -k - 2, -13 + 1 = -3*k. Suppose j*q - 68 - 8800 = 0. What are the prime factors of q?
2, 739
Suppose 0 = -5*f - 4*l + 2883, -5*l + 403 = f - 161. Suppose a + 104 = f. List the prime factors of a.
5, 19
Suppose -2*z = -3*g - 134731, 145*g - 143*g = -5*z + 336742. List the prime factors of z.
2, 8419
Let u = 25 - 25. Let l be (10 - 8)*(1 + u). What are the prime fa